a4097
In base 4, what is 0 + -103013301301?
-103013301301
In base 11, what is 484 + -5180?
-47a7
In base 9, what is 164 - 56233?
-56058
In base 8, what is 2 + 350365077?
350365101
In base 4, what is -31030122203 + 1?
-31030122202
In base 8, what is -106 - 4401254?
-4401362
In base 3, what is -10200120100 - -11022?
-10200102001
In base 6, what is -31110 - 1112231?
-1143341
In base 7, what is -6443 - 5133?
-14606
In base 6, what is 3044035342 + 12?
3044035354
In base 15, what is -1 - -76a98?
76a97
In base 13, what is -1413337b - 6?
-14133384
In base 15, what is 16 + -84b7da?
-84b7c4
In base 12, what is -140a6702 - -4?
-140a66ba
In base 11, what is 4a6424 + 13?
4a6437
In base 14, what is 835b + 92b?
8c88
In base 10, what is 84453 - 214?
84239
In base 14, what is 120 + 3ac448?
3ac568
In base 10, what is -11 + -438911?
-438922
In base 12, what is -191a + -3b4a9?
-41207
In base 10, what is 260142889 - 1?
260142888
In base 4, what is -30 - 103030031110?
-103030031200
In base 11, what is 213450 - -1213?
214663
In base 10, what is 1964940018 - 3?
1964940015
In base 12, what is 14304822 - -3?
14304825
In base 9, what is -106 - 2874172?
-2874278
In base 6, what is 3220015 + -1341?
3214234
In base 4, what is -313130023 - -220?
-313123203
In base 10, what is -554 + 6797?
6243
In base 16, what is -a26 + -571?
-f97
In base 8, what is 3761 - -26437?
32420
In base 7, what is 202 + 22314640?
22315142
In base 5, what is 44342 + -223214?
-123322
In base 11, what is 8862 + 1733?
a495
In base 9, what is 20841424 - -4?
20841428
In base 13, what is 1 + -15b781ab?
-15b781aa
In base 11, what is 3344781 + -2?
334477a
In base 15, what is 2 + -19965b0?
-19965ad
In base 9, what is -481 - -45804?
45313
In base 10, what is -559 - -861086?
860527
In base 5, what is -302 - 10121301?
-10122103
In base 12, what is 3a09 + -3b2?
3617
In base 6, what is 114 + 221145344?
221145502
In base 5, what is 220202 + 441?
221143
In base 6, what is -51444115 - -3?
-51444112
In base 6, what is -115351 - 4414?
-124205
In base 14, what is 5179 - 183?
4dd6
In base 9, what is 2631 + -2840?
-208
In base 2, what is -101101000 + -10001000011010111?
-10001001000111111
In base 10, what is 254363 + -5?
254358
In base 9, what is -1043171 - 21?
-1043202
In base 8, what is -14 + -103520?
-103534
In base 6, what is -10315 + -202303?
-213022
In base 7, what is -14 + 14005115?
14005101
In base 13, what is -17 - 46405?
-4641c
In base 16, what is 8923c + 9f4?
89c30
In base 11, what is 5552 + -34a0?
2062
In base 12, what is 447 - -b05?
1350
In base 15, what is -1c0b + 2?
-1c09
In base 9, what is 8531823 - -32?
8531855
In base 7, what is 4305051 + 2?
4305053
In base 4, what is -103221203033222 + -1?
-103221203033223
In base 5, what is 1 + 3212204330?
3212204331
In base 12, what is -1 + -2b728b?
-2b7290
In base 9, what is -5523 - 255724?
-262347
In base 10, what is -1803 + -4125?
-5928
In base 15, what is 5a807e - 0?
5a807e
In base 3, what is 222 + -1011121220121220?
-1011121220120221
In base 8, what is -2 + 132170451?
132170447
In base 4, what is 31000120 + 2?
31000122
In base 11, what is 27 - -73a03?
73a2a
In base 12, what is -19227022 + -3?
-19227025
In base 7, what is -11661215 - -504?
-11660411
In base 8, what is -656 + 3406?
2530
In base 15, what is 1 + 1556ac94?
1556ac95
In base 12, what is -17525a737 + 4?
-17525a733
In base 2, what is 1010100101101 - -101111000001?
10000011101110
In base 9, what is -56 + -306280?
-306346
In base 11, what is -1942 - 17?
-1959
In base 11, what is 83a703 + 33?
83a736
In base 6, what is -110003451 - 233?
-110004124
In base 16, what is -4 - 3256a3?
-3256a7
In base 7, what is -1613306101 + 0?
-1613306101
In base 16, what is 0 - 8c893ed?
-8c893ed
In base 16, what is 15b53d + 4d?
15b58a
In base 6, what is 133 - -144450111?
144450244
In base 4, what is 0 + -1010222101232?
-1010222101232
In base 4, what is -210011010 - 100203?
-210111213
In base 3, what is -10 - 10210110221?
-10210111001
In base 8, what is -34000637 - 4?
-34000643
In base 2, what is 100 - -111011110011101011001101?
111011110011101011010001
In base 8, what is 1324530 - 20?
1324510
In base 9, what is 4551 - 53824?
-48263
In base 6, what is 2 - 24144413301?
-24144413255
In base 14, what is 9307 + 15a0?
a8a7
In base 10, what is 3 - -75272992?
75272995
In base 5, what is -4 - -20441124122?
20441124113
In base 10, what is 1 - 4778484?
-4778483
In base 3, what is -20211 - 101010210201?
-101011001112
In base 4, what is -22233103310 + -321?
-22233110231
In base 16, what is 1dfc - 1fb5?
-1b9
In base 16, what is 1949f6 + -1b?
1949db
In base 4, what is -1032 + -11133320?
-11201012
In base 16, what is 567530 - 2e?
567502
In base 2, what is 100 + -110010111010100010001100?
-110010111010100010001000
In base 13, what is c - -263798a?
2637999
In base 14, what is -12598d - 8?
-125997
In base 4, what is -13102 - 3113322330?
-3120002032
In base 3, what is 222011022212 + -101122?
222010221020
In base 16, what is 43c71ab9 - -5?
43c71abe
In base 4, what is 13 - -20011221312?
20011221331
In base 10, what is 0 - -27948213?
27948213
In base 9, what is -255 - -1377632?
1377366
In base 16, what is 3 - 6def5?
-6def2
In base 12, what is -73 - -127a93?
127a20
In base 13, what is -2207 + 2c1?
-1c16
In base 14, what is -5 - 6b3a55?
-6b3a5a
In base 10, what is -12808667 - 4?
-12808671
In base 7, what is -1 - 34233435?
-34233436
In base 3, what is 10000 - -111222201?
112002201
In base 2, what is 10110111100010111 - 101000101?
10110110111010010
In base 16, what is 43a6b0 - -c?
43a6bc
In base 3, what is -11200212010101020 + 11?
-11200212010101002
In base 7, what is 3625056 - -5342?
3633431
In base 10, what is -12 - -167223?
167211
In base 16, what is -9 - 30b8c3?
-30b8cc
In base 9, what is 3502041 - 1030?
3501011
In base 16, what is 1e325068 + 3?
1e32506b
In base 11, what is -8 + -449362?
-44936a
In base 8, what is 3407 + 3075?
6504
In base 11, what is -23a54 - 520?
-24474
In base 6, what is -4522432 - -311?
-4522121
In base 3, what is 201 + 211022002012?
211022002220
In base 6, what is -1031333522 - -2?
-1031333520
In base 16, what is 2414 + 35c2?
59d6
In base 12, what is -1b + -187138?
-187157
In base 15, what is -40a7 + -781a?
-b8c2
In base 11, what is 2557 + -3707?
-1160
In base 13, what is -3045 - 15c32?
-18c77
In base 10, what is -19 + 106704?
106685
In base 2, what is 1000110010011000 + -1100?
1000110010001100
In base 11, what is -151198 - -153?
-151045
In base 3, what is -21212002100 + -210120?
-21212212220
In base 9, what is 40548885 - 1?
40548884
In base 7, what is -1113465 + -5162?
-1121660
In base 15, what is 12e76db + 4?
12e76e0
In base 2, what is -10010101011010 - 10000011101?
-10100101110111
In base 10, what is -25 + 4127944?
4127919
In base 13, what is 27c04a5 + 4?
27c04a9
In base 16, what is b0c0a + -32?
b0bd8
In base 11, what is 4777714 + -1?
4777713
In base 7, what is -1226 + 24162?
22633
In base 2, what is -11010010100001100 + -100001100011?
-11010110101101111
In base 12, what is -3 + -38ab4b59?
-38ab4b60
In base 12, what is 18820a98 - 3?
18820a95
In base 7, what is -5 + -6131255?
-6131263
In base 9, what is 15056 + 13048?
28115
In base 9, what is -182502268 + -5?
-182502274
In base 12, what is 53 - -a5b9?
a650
In base 5, what is -341322433 - -114?
-341322314
In base 8, what is 6055074501 + -2?
6055074477
In base 5, what is -10213023342 + 31?
-10213023311
In base 13, what is -41 + c63835?
c637c4
In base 11, what is -25 - -2189361?
2189337
In base 11, what is -3101 + -7174?
-a275
In base 13, what is -582b2 + 55c?
-57a53
In base 12, what is -28 + 67430?
67404
In base 14, what is -28ad26 + 1cd?
-28ab37
In base 4, what is -220 - 30310330320?
-30310331200
In base 14, what is -ca09c2 + -4?
-ca09c6
In base 4, what is 2 + -20323231333?
-20323231331
In base 14, what is 3 + -113353c5?
-113353c2
In base 16, what is 79319 - -8?
79321
In base 10, what is 18 + -25138476?
-25138458
In base 7, what is 16 - 32316?
-32300
In base 8, what is 23612 - -246?
24060
In base 10, what is -3 + -5883442?
-5883445
In base 15, what is 2cc799 - 11?
2cc788
In base 7, what is 63506 + 1205?
65014
In base 2, what is -10110101111111100111110 - -1100111?
-10110101111111011010111
In base 7, what is -1 - -64266055?
64266054
In base 4, what is 12202231 + 3013?
122113